{"id":221,"date":"2015-12-29T16:28:07","date_gmt":"2015-12-29T15:28:07","guid":{"rendered":"http:\/\/alexandresaada.com\/smartphones_tablets\/?page_id=221"},"modified":"2024-05-29T20:24:51","modified_gmt":"2024-05-29T19:24:51","slug":"who-is-he","status":"publish","type":"page","link":"https:\/\/alexandresaada.com\/smartphones_tablets\/who-is-he\/","title":{"rendered":"Who is he ?"},"content":{"rendered":"<p><div class=\"fusion-bg-parallax\" data-bg-align=\"left top\" data-direction=\"up\" data-mute=\"false\" data-opacity=\"100\" data-velocity=\"-0.9\" data-mobile-enabled=\"true\" data-break_parents=\"0\" data-bg-image=\"https:\/\/alexandresaada.com\/smartphones_tablets\/wp-content\/uploads\/2016\/01\/fd_bio_IMG.png\" data-bg-repeat=\"false\" ><\/div><div class=\"fusion-fullwidth fullwidth-box fusion-builder-row-1 fusion-parallax-up hundred-percent-fullwidth non-hundred-percent-height-scrolling\" style=\"--awb-background-position:left top;--awb-border-sizes-top:0px;--awb-border-sizes-bottom:0px;--awb-border-sizes-left:0px;--awb-border-sizes-right:0px;--awb-border-radius-top-left:0px;--awb-border-radius-top-right:0px;--awb-border-radius-bottom-right:0px;--awb-border-radius-bottom-left:0px;--awb-padding-top:20px;--awb-padding-right:10px;--awb-padding-bottom:20px;--awb-padding-left:10px;--awb-background-image:url(&quot;https:\/\/alexandresaada.com\/smartphones_tablets\/wp-content\/uploads\/2016\/01\/fd_bio_IMG.png&quot;);--awb-background-size:cover;--awb-flex-wrap:wrap;\" ><div class=\"fusion-builder-row fusion-row\"><div class=\"fusion-layout-column fusion_builder_column fusion-builder-column-0 fusion_builder_column_1_4 1_4 fusion-one-fourth fusion-column-first fusion-animated\" style=\"--awb-padding-top:10px;--awb-padding-right:10px;--awb-padding-bottom:10px;--awb-padding-left:10px;--awb-bg-size:cover;width:22%; margin-right: 4%;\" data-animationType=\"zoomInDown\" data-animationDuration=\"0.1\" data-animationOffset=\"top-into-view\"><div class=\"fusion-column-wrapper fusion-flex-column-wrapper-legacy\"><div class=\"fusion-text fusion-text-1\"><p><img decoding=\"async\" class=\"alignnone size-full wp-image-353\" src=\"https:\/\/alexandresaada.com\/smartphones_tablets\/wp-content\/uploads\/2015\/12\/IMG_0129.jpg\" alt=\"IMG_0129\" width=\"600\" height=\"600\" srcset=\"https:\/\/alexandresaada.com\/smartphones_tablets\/wp-content\/uploads\/2015\/12\/IMG_0129-66x66.jpg 66w, https:\/\/alexandresaada.com\/smartphones_tablets\/wp-content\/uploads\/2015\/12\/IMG_0129-150x150.jpg 150w, https:\/\/alexandresaada.com\/smartphones_tablets\/wp-content\/uploads\/2015\/12\/IMG_0129-300x300.jpg 300w, https:\/\/alexandresaada.com\/smartphones_tablets\/wp-content\/uploads\/2015\/12\/IMG_0129.jpg 600w\" sizes=\"(max-width: 600px) 100vw, 600px\" \/><\/p>\n<\/div><div class=\"fusion-clearfix\"><\/div><\/div><\/div><div class=\"fusion-layout-column fusion_builder_column fusion-builder-column-1 fusion_builder_column_2_5 2_5 fusion-two-fifth\" style=\"--awb-padding-top:10px;--awb-padding-right:10px;--awb-padding-bottom:10px;--awb-padding-left:10px;--awb-bg-color:rgba(255, 255, 255, 0.8);--awb-bg-color-hover:rgba(255, 255, 255, 0.8);--awb-bg-size:cover;--awb-margin-top:10px;width:37.6%; margin-right: 4%;\"><div class=\"fusion-column-wrapper fusion-flex-column-wrapper-legacy\"><div class=\"fusion-text fusion-text-2\"><p>Improvisateur de jazz, compositeur de musiques de films ou bien tout simplement auteur\/compositeur de chansons, Alexandre Saada nous entra\u00eene l\u00e0 o\u00f9 ses doigts de musicien synesth\u00e8te le guident. De ce bug neurologique transformant les accords de musique en textures sonores, ce pianiste fran\u00e7ais issu d\u2019une famille de d\u00e9racin\u00e9s \u2014 le p\u00e8re ayant quitt\u00e9 la Tunisie \u00e0 l\u2019adolescence et la m\u00e8re partie en pleine guerre d\u2019Alg\u00e9rie \u2014 a fait de son instrument un objet apatride.<\/p>\n<p>S\u2019il est \u00e9galement capable de poser des notes sur des images comme pour le long-m\u00e9trage <em>Youssef Salem a du succ\u00e8s<\/em> de Baya Kasmi avec Ramzy Bedia (2023) ou <em>Corporate<\/em> de Nicolas Silhol avec C\u00e9line Salette et Lambert Wilson (2017), il est tout aussi appr\u00e9ciable dans ses face-\u00e0-face pianistiques avec Philippe Baden-Powell, le fils de la l\u00e9gende br\u00e9silienne. Alexandre Saada est \u00e9galement remarquable lors de ses collaborations avec Malia (rendant un hommage poignant \u00e0 Nina Simone (<em>Black Orchid<\/em>), revisitant l\u2019album <em>Echoes of Dreams<\/em> dans une \u00e9l\u00e9gante version piano, violon \u2013 alto \u2013 violoncelle) ou bien au c\u00f4t\u00e9 de Martha Reeves, chanteuse du groupe Martha and the Vandellas (<em>Dancing in the Streets<\/em>, 1965, reprise vingt ans plus tard par Mick Jagger et David Bowie). Il se r\u00e9v\u00e8le plus impressionniste en solo ou dans le duo Madeleine et Salomon.<\/p>\n<p>\u00c0 l\u2019\u00e2ge de 4 ans, il se hisse pour la premi\u00e8re fois sur un si\u00e8ge de piano. Onze ans plus tard, ce jazzman n\u00e9 aux premi\u00e8res lueurs du punk (1977) effectuait ses premiers concerts, lest\u00e9 d\u2019une solide culture musicale classique et jazz, dans le\u2026 rock. Un groupe de reprise des Doors lui offre ses premi\u00e8res sensations en live. Il commence \u00e0 \u00e9crire des chansons en assemblant au hasard des vers du po\u00e8te Jim Morrison.<\/p>\n<p>Des centaines de concerts et enregistrements plus tard, le musicien d\u00e9sormais install\u00e9 \u00e0 Paris d\u00e9cide de regrouper ses chansons, objets qu\u2019il fabrique avec pr\u00e9cision \u00e0 l\u2019inverse de ses plages improvis\u00e9es, effectuant une chevauch\u00e9e \u00e0 l\u2019int\u00e9rieur de ses qu\u00eates identitaires sous la forme la plus pop folk qui se puisse, avec la m\u00e9lancolie de Jay-Jay Johanson, le velours arp\u00e9g\u00e9 de Jos\u00e9 Gonzales ou de Sufjan Stevens.<\/p>\n<p>On pourra y entendre l\u2019influence de Leonard Cohen, de Lhasa ou de Tom Waits, comme dans le final de son album pr\u00e9c\u00e9dent (<em>Songs for a flying man<\/em>), du temps o\u00f9 le monde \u00e9tait vert. C\u2019\u00e9tait quel jour d\u00e9j\u00e0, Alexandre Saada ?<\/p>\n<\/div><div class=\"fusion-clearfix\"><\/div><\/div><\/div><div class=\"fusion-layout-column fusion_builder_column fusion-builder-column-2 fusion_builder_column_1_3 1_3 fusion-one-third\" style=\"--awb-bg-size:cover;width:30.6666%; margin-right: 4%;\"><div class=\"fusion-column-wrapper fusion-flex-column-wrapper-legacy\"><div class=\"fusion-text fusion-text-3\"><p><img decoding=\"async\" class=\"alignleft wp-image-352 size-medium\" src=\"https:\/\/alexandresaada.com\/smartphones_tablets\/wp-content\/uploads\/2015\/12\/portrait3nb_500-200x300.jpg\" alt=\"portrait3nb_500\" width=\"200\" height=\"300\" srcset=\"https:\/\/alexandresaada.com\/smartphones_tablets\/wp-content\/uploads\/2015\/12\/portrait3nb_500-200x300.jpg 200w, https:\/\/alexandresaada.com\/smartphones_tablets\/wp-content\/uploads\/2015\/12\/portrait3nb_500.jpg 500w\" sizes=\"(max-width: 200px) 100vw, 200px\" \/><\/p>\n<\/div><div class=\"fusion-text fusion-text-4\"><p><img decoding=\"async\" class=\"aligncenter wp-image-351 size-thumbnail\" src=\"https:\/\/alexandresaada.com\/smartphones_tablets\/wp-content\/uploads\/2015\/12\/IMG_3325-150x150.jpg\" alt=\"IMG_3325\" width=\"150\" height=\"150\" srcset=\"https:\/\/alexandresaada.com\/smartphones_tablets\/wp-content\/uploads\/2015\/12\/IMG_3325-66x66.jpg 66w, https:\/\/alexandresaada.com\/smartphones_tablets\/wp-content\/uploads\/2015\/12\/IMG_3325-150x150.jpg 150w, https:\/\/alexandresaada.com\/smartphones_tablets\/wp-content\/uploads\/2015\/12\/IMG_3325-300x300.jpg 300w, https:\/\/alexandresaada.com\/smartphones_tablets\/wp-content\/uploads\/2015\/12\/IMG_3325.jpg 640w\" sizes=\"(max-width: 150px) 100vw, 150px\" \/><\/p>\n<\/div><div class=\"fusion-sep-clear\"><\/div><div class=\"fusion-separator fusion-full-width-sep\" style=\"margin-left: auto;margin-right: auto;margin-top:160px;width:100%;\"><\/div><div class=\"fusion-sep-clear\"><\/div><div class=\"fusion-text fusion-text-5\"><p><img decoding=\"async\" class=\"wp-image-423 size-large alignright\" src=\"https:\/\/alexandresaada.com\/smartphones_tablets\/wp-content\/uploads\/2015\/12\/AlexandreSaada_trainNB_1200-1024x1024.jpg\" alt=\"\" width=\"669\" height=\"669\" srcset=\"https:\/\/alexandresaada.com\/smartphones_tablets\/wp-content\/uploads\/2015\/12\/AlexandreSaada_trainNB_1200-66x66.jpg 66w, https:\/\/alexandresaada.com\/smartphones_tablets\/wp-content\/uploads\/2015\/12\/AlexandreSaada_trainNB_1200-150x150.jpg 150w, https:\/\/alexandresaada.com\/smartphones_tablets\/wp-content\/uploads\/2015\/12\/AlexandreSaada_trainNB_1200-300x300.jpg 300w, https:\/\/alexandresaada.com\/smartphones_tablets\/wp-content\/uploads\/2015\/12\/AlexandreSaada_trainNB_1200-768x768.jpg 768w, https:\/\/alexandresaada.com\/smartphones_tablets\/wp-content\/uploads\/2015\/12\/AlexandreSaada_trainNB_1200-1024x1024.jpg 1024w, https:\/\/alexandresaada.com\/smartphones_tablets\/wp-content\/uploads\/2015\/12\/AlexandreSaada_trainNB_1200.jpg 1200w\" sizes=\"(max-width: 669px) 100vw, 669px\" \/><\/p>\n<\/div><div class=\"fusion-clearfix\"><\/div><\/div><\/div><\/div><\/div><div class=\"fusion-bg-parallax\" data-bg-align=\"center center\" data-direction=\"down\" data-mute=\"false\" data-opacity=\"100\" data-velocity=\"-0.7\" data-mobile-enabled=\"true\" data-break_parents=\"0\" data-bg-image=\"https:\/\/alexandresaada.com\/smartphones_tablets\/wp-content\/uploads\/2015\/12\/Saada_piano_1300.jpg\" data-bg-repeat=\"false\" ><\/div><div class=\"fusion-fullwidth fullwidth-box fusion-builder-row-2 fusion-parallax-down nonhundred-percent-fullwidth non-hundred-percent-height-scrolling\" style=\"--awb-border-sizes-top:0px;--awb-border-sizes-bottom:0px;--awb-border-sizes-left:0px;--awb-border-sizes-right:0px;--awb-border-radius-top-left:0px;--awb-border-radius-top-right:0px;--awb-border-radius-bottom-right:0px;--awb-border-radius-bottom-left:0px;--awb-padding-top:200px;--awb-padding-bottom:200px;--awb-background-image:url(&quot;https:\/\/alexandresaada.com\/smartphones_tablets\/wp-content\/uploads\/2015\/12\/Saada_piano_1300.jpg&quot;);--awb-background-size:cover;--awb-flex-wrap:wrap;\" ><div class=\"fusion-builder-row fusion-row\"><div class=\"fusion-layout-column fusion_builder_column fusion-builder-column-3 fusion_builder_column_1_1 1_1 fusion-one-full fusion-column-first fusion-column-last fusion-column-no-min-height\" style=\"--awb-bg-size:cover;--awb-margin-bottom:0px;\"><div class=\"fusion-column-wrapper fusion-flex-column-wrapper-legacy\"><div class=\"fusion-text fusion-text-6\"><p><img decoding=\"async\" class=\"size-full wp-image-368 aligncenter\" src=\"https:\/\/alexandresaada.com\/smartphones_tablets\/wp-content\/uploads\/2015\/12\/Saada_piano_1300.jpg\" alt=\"Saada_piano_1300\" width=\"1300\" height=\"867\" srcset=\"https:\/\/alexandresaada.com\/smartphones_tablets\/wp-content\/uploads\/2015\/12\/Saada_piano_1300-300x200.jpg 300w, https:\/\/alexandresaada.com\/smartphones_tablets\/wp-content\/uploads\/2015\/12\/Saada_piano_1300-768x512.jpg 768w, https:\/\/alexandresaada.com\/smartphones_tablets\/wp-content\/uploads\/2015\/12\/Saada_piano_1300-1024x683.jpg 1024w, https:\/\/alexandresaada.com\/smartphones_tablets\/wp-content\/uploads\/2015\/12\/Saada_piano_1300.jpg 1300w\" sizes=\"(max-width: 1300px) 100vw, 1300px\" \/><\/p>\n<\/div><div class=\"fusion-clearfix\"><\/div><\/div><\/div><\/div><\/div><div class=\"fusion-bg-parallax\" data-bg-align=\"center top\" data-direction=\"up\" data-mute=\"false\" data-opacity=\"100\" data-velocity=\"-0.9\" data-mobile-enabled=\"true\" data-break_parents=\"0\" data-bg-image=\"https:\/\/alexandresaada.com\/smartphones_tablets\/wp-content\/uploads\/2015\/12\/rails_1400_double-1.jpg\" data-bg-repeat=\"false\" ><\/div><div class=\"fusion-fullwidth fullwidth-box fusion-builder-row-3 fusion-parallax-up hundred-percent-fullwidth non-hundred-percent-height-scrolling\" style=\"--awb-background-position:center top;--awb-border-sizes-top:0px;--awb-border-sizes-bottom:0px;--awb-border-sizes-left:0px;--awb-border-sizes-right:0px;--awb-border-radius-top-left:0px;--awb-border-radius-top-right:0px;--awb-border-radius-bottom-right:0px;--awb-border-radius-bottom-left:0px;--awb-padding-top:100px;--awb-padding-right:10px;--awb-padding-bottom:200px;--awb-padding-left:10px;--awb-background-image:url(&quot;https:\/\/alexandresaada.com\/smartphones_tablets\/wp-content\/uploads\/2015\/12\/rails_1400_double-1.jpg&quot;);--awb-background-size:cover;--awb-flex-wrap:wrap;\" ><div class=\"fusion-builder-row fusion-row\"><div class=\"fusion-layout-column fusion_builder_column fusion-builder-column-4 fusion_builder_column_2_5 2_5 fusion-two-fifth fusion-column-first\" style=\"--awb-bg-size:cover;width:37.6%; margin-right: 4%;\"><div class=\"fusion-column-wrapper fusion-flex-column-wrapper-legacy\"><div class=\"fusion-clearfix\"><\/div><\/div><\/div><div class=\"fusion-layout-column fusion_builder_column fusion-builder-column-5 fusion_builder_column_1_2 1_2 fusion-one-half\" style=\"--awb-padding-top:10px;--awb-padding-right:10px;--awb-padding-bottom:10px;--awb-padding-left:10px;--awb-bg-color:rgba(255, 255, 255, 0.8);--awb-bg-color-hover:rgba(255, 255, 255, 0.8);--awb-bg-size:cover;width:48%; margin-right: 4%;\"><div class=\"fusion-column-wrapper fusion-flex-column-wrapper-legacy\"><div class=\"fusion-text fusion-text-7\"><h2>Alexandre Saada par Claude Deleuze (extraits, 2017)<\/h2>\n<p><strong>Pianiste, multi instrumentiste, compositeur et arrangeur, Alexandre Saada est l\u2019un des musiciens les plus singuliers du paysage fran\u00e7ais actuel.<\/strong><\/p>\n<p>Apr\u00e8s un brillant parcours d\u2019\u00e9tudes classiques, il s\u2019int\u00e9resse au jazz et aux musiques improvis\u00e9es, prolonge sa formation aupr\u00e8s de Michel Petrucciani, Daniel Goyone et Serge Fort\u00e9 et se confronte \u00e0 la r\u00e9alit\u00e9 du terrain, rencontrant des musiciens et participant \u00e0 de nombreuses jam-sessions \u00e0 New York, La Havane et Trinidad. Il forme un quintet et multiplie ses prestations dans tous les clubs de jazz parisiens. Une \u00e9tape exaltante qui culmine avec un concert au Festival de Montreux.<\/p>\n<p>Le pianiste enregistre l\u2019album \u00ab\u00a0<strong>\u2026\u00e9veil\u00a0\u00bb<\/strong>, en trio avec le contrebassiste Chris Jennings et le batteur David El\u00e9ouet. Un disque mixte, entre standards et pi\u00e8ces in\u00e9dites, qui conna\u00eet un vif succ\u00e8s et qui traverse le monde, programm\u00e9 sur les \u00e9couteurs des vols Air France.<br \/>\n\u00ab\u00a0\u2026\u00e9veil \u00a0\u00bb\u00a0est Disque d&rsquo;Emoi Jazz Magazine.<\/p>\n<p>Une belle rencontre avec la saxophoniste Sophie Alour, entre les festivals de Calvi et Pinarello, l\u2019incite \u00e0 former un nouveau quintet et \u00e0 enregistrer son deuxi\u00e8me album personnel : \u00ab\u00a0<strong>Be where you are\u00a0\u00bb<\/strong>, o\u00f9 Saada se fait plaisir avec un surprenant arrangement de la \u00ab\u00a0Pavane pour une infante d\u00e9funte\u00a0\u00bb de Maurice Ravel. <em>\u00ab\u00a0il participe \u00e0 un mouvement aujourd\u2019hui rarissime mais nullement paradoxal, le \u201cgroove tranquille\u201d \u00ab\u00a0<\/em>\u00a0Jazz Magazine.<br \/>\n\u00ab Be where you are \u00bb est Disque d&rsquo;Emoi Jazz Magazine<\/p>\n<p>Toujours avec Sophie Alour le \u00ab\u00a0Pop Life Project\u00a0\u00bb en hommage \u00e0 Joni Mitchell, Nick Drake et Paul Simon, anticipe et pr\u00e9pare son troisi\u00e8me album, \u00ab\u00a0<strong>Panic Circus\u00a0\u00bb<\/strong>, avec Sophie Alour, Jean-Daniel Botta et Laurent Robin.<br \/>\n<em>\u00ab\u00a0par sa riche culture musicale, par son jeu inventif et ouvert, par sa technique achev\u00e9e et son geste pr\u00e9cis, Saada ne peut laisser personne indiff\u00e9rent. L\u2019exigence de son \u00e9criture va de pair avec le plaisir du jeu\u00a0\u00bb<\/em>. Jazzman<br \/>\n\u00ab\u00a0Panic Circus\u00a0\u00bb ouvre les portes d\u2019une insolite tourn\u00e9es en Am\u00e9rique Centrale (Panama, Costa Rica, Nicaragua, Salvador, Honduras et Guatemala), loin des centres internationaux du jazz mais pr\u00e8s du c\u0153ur de gens avides d\u2019\u00e9couter des nouvelles sonorit\u00e9s venues\u2026 d\u2019Europe.<br \/>\n\u00ab\u00a0Panic Circus\u00a0\u00bb est Disque d&rsquo;Emoi Jazz Magazine, 4* Jazzman, Coup de C\u0153ur NOVA, Coup de C\u0153ur ELLE<\/p>\n<p>Premier album solo : \u00ab\u00a0<strong>Present\u00a0\u00bb<\/strong>, o\u00f9 d\u2019apr\u00e8s lui sont r\u00e9unies <em>\u00ab\u00a0mes compositions les plus introspectives et les plus personnelles\u00a0\u00bb<\/em>. \u00c0 ce propos, le pianiste et compositeur Roque Alsina s\u2019exprime de fa\u00e7on \u00e9loquente : <em>\u00ab Ce brillant musicien, improvisateur inspir\u00e9, nous introduit dans un univers exaltant o\u00f9 densit\u00e9 et d\u00e9tente convergent dans un discours harmonique d\u2019une rare beaut\u00e9 \u00bb<\/em>.<br \/>\n\u00ab\u00a0Present\u00a0\u00bb est Choc Jazzman\/Jazz Magazine<\/p>\n<p>Au cours de ses nombreux voyages, Saada voit rena\u00eetre sa passion pour la photographie et capture les lumi\u00e8res des paysages travers\u00e9s, les visages des gens crois\u00e9s entre deux concerts et enregistre \u00e0 l&rsquo;aide d&rsquo;un magn\u00e9tophone \u00e0 bandes de nombreuses pistes improvis\u00e9es qui esquissent dans l&rsquo;album \u00ab\u00a0<strong>Continuation to the end\u00a0\u00bb<\/strong>\u00a0les contours d&rsquo;une nouvelle esth\u00e9tique artistique et musicale pour Alexandre Saada.<br \/>\nT\u00e9l\u00e9rama en parle\u00a0: \u00ab\u00a0<em>Une fausse note n\u2019est qu\u2019une dissonance qui attend qu\u2019on la sublime, exercice auquel le pianiste s\u2019adonne avec brio\u00a0\u00bb<\/em>.<br \/>\n\u00ab\u00a0Continuation to The End\u00a0\u00bb sort sur le label Bee Jazz et sera \u00ab\u00a0S\u00e9lection Jazz News\u00a0\u00bb.<\/p>\n<p>Pour son 6\u00e8me album <strong>\u00ab\u00a0Portraits\u00a0\u00bb<\/strong> (et 3\u00e8me en solo), Alexandre Saada improvise et partage sa perception des femmes et des hommes qui l&rsquo;entourent. Des portraits sans papier ni crayon, mais au piano.<br \/>\n\u00ab\u00a0Portraits\u00a0\u00bb ouvrira au pianiste les portes d\u2019une belle tourn\u00e9e d\u2019un mois en Chine. Le magazine <em>Pianiste<\/em> l\u2019a surnomm\u00e9 <em>\u00ab\u00a0Le pianiste atypique\u00a0\u00bb <\/em>et dira de cet album\u00a0: <em>\u00ab\u00a0Alexandre Saada propose un voyage que toute oreille attentive et soucieuse de beaut\u00e9 ne peut que souhaiter d\u00e9couvrir\u00a0\u00bb<\/em>. <em>Jazz Magazine<\/em> d\u00e9crit ce disque comme <em>\u00ab\u00a0un recueil de po\u00e9sies constitu\u00e9es comme celles de Pr\u00e9vert de ces \u00ab\u00a0petits riens\u00a0\u00bb si d\u00e9licats (et difficiles) \u00e0 engendrer.\u00a0\u00bb<br \/>\n<\/em>\u00ab\u00a0Portraits\u00a0\u00bb est 4* Jazz Magazine et S\u00e9lection Jazz News.<\/p>\n<\/div><div class=\"fusion-clearfix\"><\/div><\/div><\/div><\/div><\/div><\/p>\n","protected":false},"excerpt":{"rendered":"","protected":false},"author":1,"featured_media":0,"parent":0,"menu_order":0,"comment_status":"closed","ping_status":"closed","template":"100-width.php","meta":{"footnotes":""},"class_list":["post-221","page","type-page","status-publish","hentry"],"aioseo_notices":[],"_links":{"self":[{"href":"https:\/\/alexandresaada.com\/smartphones_tablets\/wp-json\/wp\/v2\/pages\/221","targetHints":{"allow":["GET"]}}],"collection":[{"href":"https:\/\/alexandresaada.com\/smartphones_tablets\/wp-json\/wp\/v2\/pages"}],"about":[{"href":"https:\/\/alexandresaada.com\/smartphones_tablets\/wp-json\/wp\/v2\/types\/page"}],"author":[{"embeddable":true,"href":"https:\/\/alexandresaada.com\/smartphones_tablets\/wp-json\/wp\/v2\/users\/1"}],"replies":[{"embeddable":true,"href":"https:\/\/alexandresaada.com\/smartphones_tablets\/wp-json\/wp\/v2\/comments?post=221"}],"version-history":[{"count":51,"href":"https:\/\/alexandresaada.com\/smartphones_tablets\/wp-json\/wp\/v2\/pages\/221\/revisions"}],"predecessor-version":[{"id":1442,"href":"https:\/\/alexandresaada.com\/smartphones_tablets\/wp-json\/wp\/v2\/pages\/221\/revisions\/1442"}],"wp:attachment":[{"href":"https:\/\/alexandresaada.com\/smartphones_tablets\/wp-json\/wp\/v2\/media?parent=221"}],"curies":[{"name":"wp","href":"https:\/\/api.w.org\/{rel}","templated":true}]}}